
1
What is the hundred thousands digit of 9538419?
5
What is the thousands digit of 817133?
7
What is the ten thousands digit of 87219?
8
What is the units digit of 44732?
2
What is the thousands digit of 2312426?
2
What is the hundreds digit of 1350528?
5
What is the units digit of 614851?
1
What is the ten thousands digit of 268875?
6
What is the hundred thousands digit of 373376?
3
What is the hundred thousands digit of 1369910?
3
What is the hundreds digit of 278331?
3
What is the hundreds digit of 412060?
0
What is the units digit of 72525?
5
What is the tens digit of 1466677?
7
What is the ten thousands digit of 2224747?
2
What is the units digit of 1657692?
2
What is the millions digit of 9409346?
9
What is the ten thousands digit of 2701031?
0
What is the hundreds digit of 1163780?
7
What is the hundred thousands digit of 2011438?
0
What is the hundreds digit of 640956?
9
What is the hundreds digit of 608591?
5
What is the millions digit of 1347617?
1
What is the ten thousands digit of 1939513?
3
What is the units digit of 1239945?
5
What is the hundreds digit of 5613618?
6
What is the ten thousands digit of 20359855?
5
What is the hundreds digit of 2072800?
8
What is the units digit of 332889?
9
What is the ten millions digit of 12629823?
1
What is the hundred thousands digit of 1443609?
4
What is the tens digit of 621140?
4
What is the units digit of 22354569?
9
What is the hundreds digit of 3353849?
8
What is the hundreds digit of 26255099?
0
What is the units digit of 722541?
1
What is the hundred thousands digit of 1361151?
3
What is the hundred thousands digit of 457049?
4
What is the thousands digit of 142009?
2
What is the hundreds digit of 4309202?
2
What is the thousands digit of 3609582?
9
What is the thousands digit of 1658101?
8
What is the hundreds digit of 508421?
4
What is the units digit of 453383?
3
What is the tens digit of 44033?
3
What is the thousands digit of 11500909?
0
What is the units digit of 1995009?
9
What is the hundred thousands digit of 8756232?
7
What is the millions digit of 29707670?
9
What is the units digit of 443054?
4
What is the hundred thousands digit of 188691?
1
What is the hundreds digit of 1707012?
0
What is the hundreds digit of 20360?
3
What is the tens digit of 261836?
3
What is the hundreds digit of 5433789?
7
What is the units digit of 22127557?
7
What is the ten thousands digit of 82410?
8
What is the ten thousands digit of 169838?
6
What is the tens digit of 441136?
3
What is the tens digit of 1013032?
3
What is the tens digit of 6524992?
9
What is the millions digit of 4400194?
4
What is the ten millions digit of 27489479?
2
What is the units digit of 100820?
0
What is the units digit of 58753?
3
What is the millions digit of 7638404?
7
What is the hundred thousands digit of 3337885?
3
What is the hundreds digit of 2633428?
4
What is the tens digit of 241251?
5
What is the hundred thousands digit of 473885?
4
What is the hundreds digit of 36015743?
7
What is the ten thousands digit of 529873?
2
What is the thousands digit of 6523063?
3
What is the millions digit of 1370416?
1
What is the hundred thousands digit of 904756?
9
What is the ten thousands digit of 1308563?
0
What is the tens digit of 6201784?
8
What is the hundreds digit of 526750?
7
What is the hundreds digit of 549354?
3
What is the units digit of 21890857?
7
What is the hundred thousands digit of 981139?
9
What is the units digit of 1220949?
9
What is the hundred thousands digit of 475803?
4
What is the thousands digit of 1052796?
2
What is the tens digit of 2943590?
9
What is the thousands digit of 16885073?
5
What is the hundred thousands digit of 1274528?
2
What is the hundreds digit of 268251?
2
What is the ten thousands digit of 179445?
7
What is the units digit of 9024275?
5
What is the tens digit of 2155820?
2
What is the ten thousands digit of 312273?
1
What is the thousands digit of 6437553?
7
What is the hundred thousands digit of 153044?
1
What is the hundreds digit of 2227261?
2
What is the thousands digit of 201081?
1
What is the units digit of 1761998?
8
What is the hundreds digit of 911945?
9
What is the ten millions digit of 34330659?
3
What is the hundred thousands digit of 260527?
2
What is the thousands digit of 486915?
6
What is the units digit of 334474?
4
What is the hundreds digit of 16261657?
6
What is the millions digit of 7984122?
7
What is the ten thousands digit of 8754421?
5
What is the hundred thousands digit of 131506?
1
What is the thousands digit of 2620401?
0
What is the units digit of 152084?
4
What is the hundred thousands digit of 3336333?
3
What is the ten thousands digit of 9837690?
3
What is the thousands digit of 161030?
1
What is the units digit of 255187?
7
What is the thousands digit of 29887?
9
What is the hundreds digit of 2434572?
5
What is the ten thousands digit of 1095906?
9
What is the hundred thousands digit of 9562905?
5
What is the hundred thousands digit of 1824479?
8
What is the ten thousands digit of 264502?
6
What is the hundred thousands digit of 226510?
2
What is the thousands digit of 578880?
8
What is the thousands digit of 541289?
1
What is the tens digit of 234572?
7
What is the tens digit of 271359?
5
What is the tens digit of 73119?
1
What is the millions digit of 1353712?
1
What is the units digit of 561951?
1
What is the units digit of 3031171?
1
What is the hundreds digit of 2949757?
7
What is the hundreds digit of 98171?
1
What is the hundreds digit of 759895?
8
What is the hundred thousands digit of 1657922?
6
What is the hundreds digit of 19559819?
8
What is the tens digit of 1515963?
6
What is the ten thousands digit of 528002?
2
What is the hundreds digit of 12208946?
9
What is the thousands digit of 9746727?
6
What is the hundred thousands digit of 6891566?
8
What is the ten thousands digit of 12688856?
8
What is the tens digit of 16553182?
8
What is the hundred thousands digit of 2085309?
0
What is the units digit of 1303154?
4
What is the tens digit of 857945?
4
What is the hundred thousands digit of 288749?
2
What is the tens digit of 83351?
5
What is the thousands digit of 484579?
4
What is the ten thousands digit of 301715?
0
What is the millions digit of 3754842?
3
What is the millions digit of 2876956?
2
What is the units digit of 1550190?
0
What is the thousands digit of 43315?
3
What is the hundreds digit of 2265109?
1
What is the millions digit of 5044554?
5
What is the tens digit of 6954507?
0
What is the hundred thousands digit of 1429353?
4
What is the units digit of 609598?
8
What is the tens digit of 888580?
8
What is the hundreds digit of 5032158?
1
What is the hundred thousands digit of 6364348?
3
What is the units digit of 223536?
6
What is the ten millions digit of 14628374?
1
What is the units digit of 1287930?
0
What is the millions digit of 29552286?
9
What is the units digit of 2666296?
6
What is the hundred thousands digit of 29142728?
1
What is the ten millions digit of 11461499?
1
What is the hundreds digit of 3207182?
1
What is the thousands digit of 6855501?
5
What is the hundreds digit of 329252?
2
What is the hundred thousands digit of 340926?
3
What is the thousands digit of 616343?
6
What is the tens digit of 779420?
2
What is the millions digit of 1988204?
1
What is the ten thousands digit of 30282707?
8
What is the thousands digit of 4798353?
8
What is the hundreds digit of 121457?
4
What is the ten thousands digit of 152298?
5
What is the hundred thousands digit of 252337?
2
What is the ten thousands digit of 9928307?
2
What is the hundred thousands digit of 383017?
3
What is the ten thousands digit of 1473818?
7
What is the tens digit of 3544451?
5
What is the units digit of 39495?
5
What is the ten thousands digit of 20978261?
7
What is the thousands digit of 390485?
0
What is the hundreds digit of 8115703?
7
What is the units digit of 660385?
5
What is the tens digit of 3763714?
1
What is the hundred thousands digit of 2915331?
9
What is the tens digit of 1030081?
8
What is the millions digit of 1150639?
1
What is the hundred thousands digit of 222717?
2
What is the hundreds digit of 216736?
7
What is the hundreds digit of 569724?
7
What is the units digit of 3617502?
2
What is the hundreds digit of 609